Calculate h(3).
8
Let h(w) = -w**2 - 24*w - 131. Calculate h(-8).
-3
Let f(u) = -u**2 - 24*u - 20. Calculate f(-22).
24
Let a(m) = 41*m. Calculate a(2).
82
Let a(z) = -54*z**3 + 2*z**2 - z. What is a(1)?
-53
Let c(p) = -p**3 + 5*p**2 + 13*p - 18. What is c(7)?
-25
Let h(l) = -2*l + 20. Calculate h(3).
14
Let t(r) = -r**3 + 5*r**2 - 3*r - 1. Calculate t(3).
8
Let i(p) = p**3 + 13*p**2 - 2*p - 15. Determine i(-13).
11
Let h(x) = -15*x - 11. What is h(-3)?
34
Let p(s) = 2*s**2 + 20*s + 9. Give p(-9).
-9
Let g(f) = -f**3 + 7*f**2 - 7*f + 9. Calculate g(6).
3
Let z(n) = n**2 + 8. Calculate z(0).
8
Let i(x) = -3*x + 1. What is i(-4)?
13
Let b(v) = -v**2 + 14*v - 5. Give b(13).
8
Let z(t) = 36*t**2 - 2*t - 2. Give z(-1).
36
Let l(b) = -3*b**2 + 2*b + 4. Determine l(3).
-17
Let b(r) = r**2 + 6*r - 23. Determine b(-8).
-7
Let u(a) = 3*a - 8. Calculate u(7).
13
Let i(l) = 11*l - 90. Give i(7).
-13
Let n(o) = o**3 - 10*o**2 - 25*o + 8. Calculate n(12).
-4
Let b(l) = 7*l - 116. Give b(17).
3
Let p(t) = -t**3 + 33*t**2 - 1. What is p(33)?
-1
Let x(g) = -g**2 - 37*g - 279. What is x(-24)?
33
Let g(l) = l**2. Determine g(3).
9
Let x(z) = -3*z - 60. Determine x(-25).
15
Let k(x) = -23*x**2 - 7*x + 2. Calculate k(3).
-226
Let s(m) = m**3 - 9*m**2 + m - 1. Calculate s(9).
8
Let w(b) = -b**3 + 14*b**2 + 2*b - 24. What is w(14)?
4
Let b(y) = -y**2 + 14*y - 7. Calculate b(14).
-7
Let w(t) = t**2 + 14*t + 13. What is w(-11)?
-20
Let i(y) = -16*y**2 + 2*y - 1. Determine i(1).
-15
Let p(m) = m**3 - 3*m - 3. Calculate p(-3).
-21
Let n(y) = 37*y + 43. Determine n(-3).
-68
Let x(t) = t**3 - 2*t**2 + 2*t - 13. Determine x(0).
-13
Let s(m) = 7*m. Calculate s(4).
28
Let a(h) = h - 18. Give a(9).
-9
Let q(y) = y**3 - 10*y**2 + 8*y + 11. Calculate q(9).
2
Let g(f) = -18*f**2 - 2*f + 1. Give g(1).
-19
Let s(u) = 5*u**2 + 30*u - 7. Calculate s(-6).
-7
Let v(r) = r**3 + 5*r**2 - 17*r - 15. Give v(-7).
6
Let i(u) = 13*u - 16. Give i(2).
10
Let z(n) = 13*n - 2. Determine z(11).
141
Let q(a) = -17*a - 87. Calculate q(-5).
-2
Let c(f) = 4*f + 77. Calculate c(-23).
-15
Let s(o) = 2*o**2 - 13*o + 3. Determine s(6).
-3
Let b(x) = -x**3 - 4*x**2 - 17*x - 37. Calculate b(-3).
5
Let r(d) = -2*d + 2. Calculate r(-4).
10
Let f(t) = t**3 + 29*t**2 - 31*t - 24. Give f(-30).
6
Let b(l) = -61*l + 1. Determine b(2).
-121
Let o(a) = -3*a**2 + 3*a - 2. Calculate o(3).
-20
Let v(g) = -2*g - 18. Calculate v(14).
-46
Let z(g) = 3*g - 48. Calculate z(14).
-6
Let b(t) = t**3 - 3*t**2 - 8*t + 14. Calculate b(4).
-2
Let h(r) = r**2 - 15. Calculate h(0).
-15
Let z(k) = -k**3 + 11*k**2 + k - 108. Determine z(10).
2
Let b(u) = u**3 + 4*u**2 - 7*u - 20. Determine b(-5).
-10
Let h(g) = g**3 + 31*g**2 + 56*g - 66. Give h(-29).
-8
Let t(i) = -i**2 - 40*i - 389. Give t(-16).
-5
Let w(z) = 50*z**2 + z + 2. Give w(-1).
51
Let t(h) = h**3 + 19*h**2 - 2*h - 44. What is t(-19)?
-6
Let l(j) = -3*j**2 - 2*j + 2. Calculate l(1).
-3
Let u(c) = -c - 5. Give u(17).
-22
Let k(t) = -t**2 - 6*t - 5. Calculate k(-6).
-5
Let u(j) = -10*j**2 + j + 1. Give u(1).
-8
Let u(s) = s**2 + 9*s - 3. Determine u(-10).
7
Let d(p) = p**2 - p + 2. Give d(-2).
8
Let s(w) = -w**3 + w**2 + 4*w. Give s(-3).
24
Let y(o) = 11*o - 1. Give y(3).
32
Let g(w) = 5*w**3 + w**2 + w. Determine g(-1).
-5
Let c(z) = -z**3 - 67*z**2 - 68*z - 143. Determine c(-66).
-11
Let k(w) = 5*w - 21. What is k(8)?
19
Let f(c) = 2*c**2 + 7*c + 3. Determine f(-6).
33
Let i(j) = 16*j + 944. What is i(-59)?
0
Let s(j) = -j**3 + 11*j**2 - 2*j + 13. Determine s(10).
93
Let p(m) = -11*m**2 + 3*m + 1. Give p(-2).
-49
Let l(f) = 48*f - 50. Give l(1).
-2
Let q(j) = j**2 + 14*j. What is q(-10)?
-40
Let z(s) = 23*s + 48. Calculate z(-2).
2
Let n(d) = -d**3 + 3*d**2 + 3*d - 4. Give n(3).
5
Let i(x) = -4*x**2 + 34*x - 1. What is i(9)?
-19
Let b(p) = -p**2 + 37. Determine b(5).
12
Let s(l) = -3*l**2 - 60*l - 6. Give s(-20).
-6
Let c(y) = -y**3 + 9*y**2 + 11*y - 3. Calculate c(10).
7
Let i(s) = -s**3 - 19*s**2 - 33*s + 26. Determine i(-17).
9
Let s(n) = -n**3 - 5*n**2 - 4*n - 5. Give s(-5).
15
Let x(q) = 128*q + 524. What is x(-4)?
12
Let m(t) = t**3 - 8*t**2 + 16*t - 34. Calculate m(6).
-10
Let t(y) = -y**2 + 24*y - 57. Determine t(21).
6
Let z(d) = -d**3 - 4*d**2 + 3*d - 1. Give z(2).
-19
Let y(m) = -10*m - 6. Calculate y(-3).
24
Let h(l) = l**2 - 7*l - 6. What is h(6)?
-12
Let o(i) = -i**3 - 2*i**2 + i + 53. Determine o(0).
53
Let s(d) = -d**3 + 8*d**2 + 22*d - 8. What is s(10)?
12
Let g(x) = 2*x**2 - 3*x. Calculate g(4).
20
Let f(u) = -u + 1. Calculate f(0).
1
Let o(g) = -g**3 + 10*g**2 + 7*g - 69. What is o(10)?
1
Let l(b) = b**2 - 21*b - 55. Calculate l(23).
-9
Let h(n) = -n**2 + 12*n + 8. Calculate h(13).
-5
Let y(h) = -7*h + 7. Give y(3).
-14
Let k(q) = -q**2 + 28*q - 25. What is k(27)?
2
Let u(x) = 18*x**2 - 2*x - 2. Give u(-1).
18
Let c(t) = -t**3 - 14*t**2 + 16*t + 35. Give c(-15).
20
Let u(z) = -z**3 + 33*z**2 + 34*z - 11. Determine u(34).
-11
Let o(c) = 2*c - 28. Calculate o(19).
10
Let q(l) = -4*l - 1. Calculate q(5).
-21
Let p(x) = -7*x + 3. Calculate p(3).
-18
Let l(s) = -s**3 + 6*s**2 + 10*s - 5. What is l(7)?
16
Let o(h) = h**3 - 6*h + 4. What is o(-2)?
8
Let r(f) = -f + 44. What is r(41)?
3
Let f(h) = -2*h**2 - 4*h + 24. What is f(3)?
-6
Let r(l) = -2*l**2 + 2*l - 3. Determine r(2).
-7
Let p(w) = w**2 + 15*w + 53. Determine p(-7).
-3
Let u(i) = i**3 - 10*i**2 - 13*i + 33. What is u(11)?
11
Let o(h) = -h**3 - 14*h**2 - 4*h - 46. Calculate o(-14).
10
Let q(p) = -5*p + 66. Give q(12).
6
Let m(z) = z - 38. Determine m(0).
-38
Let k(z) = z**2 + 12*z + 43. What is k(-8)?
11
Let a(q) = -q + 12. Determine a(-2).
14
Let z(p) = p**2 - 27*p + 12. Calculate z(27).
12
Let u(x) = x**3 - x**2 - 2*x + 1. What is u(2)?
1
Let d(m) = m**3 + 2*m**2 + m - 2. Give d(3).
46
Let g(r) = 4*r + 26. What is g(-7)?
-2
Let h(d) = -d**3 + d**2 - 3*d + 2. Determine h(2).
-8
Let j(w) = -3*w**2 + 8*w + 15. Calculate j(-5).
-100
Let p(k) = 6*k + 65. Give p(-12).
-7
Let w(j) = j**3 + j**2 - 5*j + 2. Give w(-4).
-26
Let f(t) = -t**2 + 27*t + 16. What is f(15)?
196
Let x(k) = 3*k + 32. Give x(-9).
5
Let d(v) = 153*v - 451. Determine d(3).
8
Let d(c) = -2*c - 16. Calculate d(0).
-16
Let f(y) = 2*y**3 - 8*y - 2. What is f(3)?
28
Let m(b) = -b - 19. What is m(-14)?
-5
Let p(r) = -r**2 + 9*r - 7. Give p(6).
11
Let v(p) = -p**2 + 12*p + 13. What is v(14)?
-15
Let q(n) = 17*n - 2. What is q(-3)?
-53
Let v(h) = -3*h**3 + 5*h**2 + 6*h. Give v(-1).
2
Let t(s) = -s + 32. Calculate t(-22).
54
Let p(w) = -2*w + 8. What is p(-4)?
16
Let n(i) = -2*i**2 + 51*i - 232. What is n(20)?
-12
Let o(l) = 16*l. Determine o(-1).
-16
Let y(i) = -19*i**3 - i**2 - i. Determine y(-1).
19
Let s(r) = -r**3 - 14*r**2 - 20*r - 31. Determine s(-12).
-79
Let w(y) = -y**3 + 4*y**2 + 14*y - 12. Give w(6).
0
Let c(h) = h**3 - 3*h**2 - 13*h - 15. Determine c(5).
-30
Let z(b) = b**3 + 4*b**2 - 6*b + 9. Give z(-6).
-27
Let p(a) = a**3 - 5*a**2 - 4*a + 7. Give p(5).
-13
Let w(s) = -2*s**3 + 8*s**2 + 4*s + 10. Calculate w(6).
-110
Let x(u) = -2*u + 29. What is x(11)?
7
Let n(l) = -2*l + 8. Determine n(4).
0
Let n(b) = b**3 - 8*b**2 - b + 11. Calculate n(8).
3
Let v(i) = -2*i + 1. What is v(8)?
-15
Let m(k) = -5*k - 16. What is m(-6)?
14
Let f(w) = w**2 - 9*w - 10. Give f(8).
-18
Let v(b) = 25*b**3. What is v(-1)?
-25
Let w(v) = -v**3 - 9*v**2 + v + 2. Determine w(-9).
-7
Let b(g) = -g**2 - 17*g - 38. Give b(-15).
-8
Let p(s) = -s**2 - 3*s + 81. Calculate p(-11).
-7
Let q(n) = -n**3 + 16*n**2 - 15*n - 2. Calculate q(15).
-2
Let i(q) = -q**3 - 9*q**2 + 7*q + 7. Calculate i(-10).
37
Let p(f) = 12*f - 47. Calculate p(8).
49
Let p(u) = 3*u - 39. What is p(13)?
0
Let m(a) = a**3 - 34*a**2 - 4*a + 140. What is m(34)?
4
Let u(b) = b**2 - 21*b - 34. Calculate u(23).
12
Let z(p) = -22*p**2 - 2*p - 1. Determine z(-1).
-21
Let w(b) = b**3 + 2*b**2 - 10*b - 9. Determine w(5).
116
Let g(t) = -4*t**2 - 5*t + 15. Determine g(2).
-11
Let m(j) = -j**2 - 15*j + 56. Calculate m(3).
2
Let u(q) = -q**3 - 7*q**2 - 12*q - 22. What is u(-6)?
14
Let a(f) = 32*f - 47. Give a(5).
113
Let s(p) = -6*p - 10. Give s(-2).
2
Let f(u) = -u**2 + 4*u + 3. Calculate f(10).
-57
Let u(y) = 13*y - 2. Calculate u(1).
11
Let g(h) = -2*h + 17. Calculate g(13).
-9
Let q(g) = g**3 - 3*